 the remainder when 120672 is divided by 1195?
1172
Calculate the remainder when 14034 is divided by 72.
66
Calculate the remainder when 10993 is divided by 79.
12
Calculate the remainder when 27436 is divided by 917.
843
What is the remainder when 31121 is divided by 154?
13
What is the remainder when 27384 is divided by 1721?
1569
What is the remainder when 50942 is divided by 16978?
8
What is the remainder when 16470 is divided by 1078?
300
Calculate the remainder when 900 is divided by 320.
260
Calculate the remainder when 24194 is divided by 124.
14
Calculate the remainder when 5342 is divided by 1274.
246
What is the remainder when 58939 is divided by 746?
5
Calculate the remainder when 116379 is divided by 56.
11
Calculate the remainder when 2787831 is divided by 929276.
3
What is the remainder when 2007 is divided by 293?
249
What is the remainder when 1049 is divided by 296?
161
What is the remainder when 8027 is divided by 45?
17
What is the remainder when 40843 is divided by 13613?
4
What is the remainder when 76637 is divided by 76617?
20
What is the remainder when 128474 is divided by 571?
570
What is the remainder when 2892 is divided by 214?
110
What is the remainder when 627 is divided by 278?
71
Calculate the remainder when 29785 is divided by 7.
0
Calculate the remainder when 4960 is divided by 11.
10
What is the remainder when 3904 is divided by 300?
4
What is the remainder when 174366 is divided by 17?
14
What is the remainder when 59295 is divided by 942?
891
Calculate the remainder when 56821 is divided by 756.
121
What is the remainder when 1130127 is divided by 166?
165
Calculate the remainder when 745 is divided by 438.
307
What is the remainder when 17370 is divided by 387?
342
What is the remainder when 50207 is divided by 78?
53
What is the remainder when 4253 is divided by 606?
11
Calculate the remainder when 197400 is divided by 418.
104
What is the remainder when 149864 is divided by 30?
14
What is the remainder when 16609 is divided by 115?
49
What is the remainder when 7462 is divided by 44?
26
What is the remainder when 249793 is divided by 104?
89
Calculate the remainder when 21216 is divided by 68.
0
What is the remainder when 270510 is divided by 74?
40
What is the remainder when 14505 is divided by 124?
121
Calculate the remainder when 115959 is divided by 38647.
18
Calculate the remainder when 10303 is divided by 40.
23
Calculate the remainder when 2543 is divided by 30.
23
Calculate the remainder when 157120 is divided by 621.
7
What is the remainder when 40489 is divided by 2129?
38
What is the remainder when 10773 is divided by 799?
386
Calculate the remainder when 14517 is divided by 2350.
417
What is the remainder when 675 is divided by 57?
48
Calculate the remainder when 55647 is divided by 20.
7
Calculate the remainder when 26779 is divided by 506.
467
What is the remainder when 82891 is divided by 8?
3
Calculate the remainder when 366927 is divided by 16.
15
Calculate the remainder when 8502436 is divided by 97.
95
Calculate the remainder when 36907 is divided by 285.
142
Calculate the remainder when 17792 is divided by 770.
82
Calculate the remainder when 10387 is divided by 70.
27
Calculate the remainder when 18363 is divided by 75.
63
Calculate the remainder when 132268 is divided by 134.
10
Calculate the remainder when 127446 is divided by 356.
354
Calculate the remainder when 216 is divided by 165.
51
What is the remainder when 1441893 is divided by 91?
89
Calculate the remainder when 9559 is divided by 1365.
4
What is the remainder when 27191 is divided by 27098?
93
Calculate the remainder when 26809 is divided by 5358.
19
Calculate the remainder when 1155457 is divided by 274.
273
What is the remainder when 63505 is divided by 15872?
17
Calculate the remainder when 1485 is divided by 701.
83
Calculate the remainder when 22688 is divided by 107.
4
Calculate the remainder when 11548 is divided by 108.
100
What is the remainder when 145545 is divided by 1565?
0
Calculate the remainder when 55737 is divided by 154.
143
Calculate the remainder when 2067307 is divided by 70.
67
What is the remainder when 7087 is divided by 541?
54
Calculate the remainder when 528781 is divided by 18885.
1
What is the remainder when 55915 is divided by 40?
35
Calculate the remainder when 10504 is divided by 17.
15
What is the remainder when 118026 is divided by 837?
9
Calculate the remainder when 72248 is divided by 25.
23
What is the remainder when 83648 is divided by 962?
916
What is the remainder when 7458 is divided by 236?
142
Calculate the remainder when 47535 is divided by 23704.
127
What is the remainder when 66646 is divided by 13310?
96
Calculate the remainder when 1126543 is divided by 362.
361
Calculate the remainder when 6452 is divided by 410.
302
Calculate the remainder when 53774 is divided by 15.
14
Calculate the remainder when 16216 is divided by 16180.
36
What is the remainder when 73188 is divided by 45?
18
What is the remainder when 33820 is divided by 690?
10
Calculate the remainder when 1157 is divided by 514.
129
Calculate the remainder when 1863 is divided by 7.
1
What is the remainder when 142767 is divided by 47?
28
What is the remainder when 3406 is divided by 8?
6
Calculate the remainder when 988 is divided by 342.
304
Calculate the remainder when 587908 is divided by 293949.
10
Calculate the remainder when 10329 is divided by 356.
5
What is the remainder when 62026 is divided by 11?
8
What is the remainder when 902038 is divided by 120?
118
Calculate the remainder when 11384 is divided by 51.
11
Calculate the remainder when 672 is divided by 511.
161
What is the remainder when 26994 is divided by 47?
16
What is the remainder when 44904 is divided by 14958?
30
Calculate the remainder when 31574 is divided by 94.
84
What is the remainder when 5312 is divided by 28?
20
Calculate the remainder when 3903 is divided by 185.
18
Calculate the remainder when 784 is divided by 153.
19
What is the remainder when 1202 is divided by 391?
29
Calculate the remainder when 27073 is divided by 15.
13
Calculate the remainder when 18945 is divided by 283.
267
What is the remainder when 5271 is divided by 2631?
9
What is the remainder when 5564 is divided by 627?
548
What is the remainder when 54868 is divided by 1893?
1864
What is the remainder when 87395 is divided by 60?
35
Calculate the remainder when 1132065 is divided by 2689.
2685
What is the remainder when 129722 is divided by 811?
773
What is the remainder when 4716 is divided by 337?
335
What is the remainder when 3343 is divided by 1642?
59
Calculate the remainder when 46258 is divided by 9.
7
What is the remainder when 8321 is divided by 1682?
1593
Calculate the remainder when 1502639 is divided by 240.
239
Calculate the remainder when 1634 is divided by 177.
41
Calculate the remainder when 16711 is divided by 28.
23
Calculate the remainder when 110752 is divided by 2517.
4
Calculate the remainder when 6526 is divided by 379.
83
Calculate the remainder when 5721 is divided by 5622.
99
What is the remainder when 83824 is divided by 19?
15
Calculate the remainder when 18331 is divided by 18320.
11
Calculate the remainder when 8875 is divided by 30.
25
What is the remainder when 5642 is divided by 1828?
158
What is the remainder when 5372 is divided by 399?
185
What is the remainder when 3157 is divided by 122?
107
What is the remainder when 17559 is divided by 5703?
450
What is the remainder when 4770 is divided by 1585?
15
What is the remainder when 105245 is divided by 7515?
35
What is the remainder when 6219 is divided by 1234?
49
Calculate the remainder when 2533 is divided by 128.
101
What is the remainder when 70694 is divided by 61?
56
Calculate the remainder when 189217 is divided by 1820.
1757
Calculate the remainder when 33471 is divided by 24.
15
What is the remainder when 4116 is divided by 29?
27
Calculate the remainder when 15670 is divided by 2609.
16
What is the remainder when 5333 is divided by 5316?
17
What is the remainder when 5971 is divided by 364?
147
What is the remainder when 34203 is divided by 1588?
855
What is the remainder when 280 is divided by 159?
121
What is the remainder when 464 is divided by 156?
152
Calc